+ -3. Let g be (-10)/(-30) - (-208)/6. Let y = g + p. Does 7 divide y?
False
Suppose -5*y + 112 = -y. Is (525/y)/((-2)/(-8)) a multiple of 25?
True
Let s = -9 - -8. Let n(d) = -15*d. Is 4 a factor of n(s)?
False
Suppose 2*i = 3*j - 7*j + 44, 0 = -2*j + 5*i + 22. Does 3 divide j?
False
Let c(f) = f + 116. Let x be c(0). Suppose 8 = -4*q, -q + x = 3*w - 2*q. Suppose 0 = -l - 1, -3*u + 2*l = -w. Is 4 a factor of u?
True
Suppose z - 27 = -0*n + 2*n, -5*n = 4*z - 82. Is 9 a factor of z?
False
Let z(d) = -d**3 + 8*d**2 - 6*d + 6. Does 11 divide z(3)?
True
Suppose -4*z - 5*p + 216 = 0, 12*p - 261 = -5*z + 8*p. Is 7 a factor of z?
True
Suppose -n + 63 = -14. Is 31 a factor of n?
False
Suppose 4*l - 2*l + 5*f = 18, 45 = 5*l + 2*f. Is 2 a factor of l?
False
Let u = -7 - -8. Suppose -b - 5*o = u, 0 = -2*b - 2*b + o + 17. Is 2 a factor of b?
True
Suppose 46 = -2*s + 138. Let u = s - 20. Does 15 divide u?
False
Let c be (1 - 2) + 0 + -3. Is 6 + 0/c + -1 a multiple of 5?
True
Suppose 4*s - 5*k - 12 = 0, -5*s + 3*k = -k - 6. Let i be 10 + (0 - s - 4). Suppose i = -u + 22. Is 5 a factor of u?
False
Suppose -4*c + 0 = -48. Is c a multiple of 4?
True
Suppose 2*u - 162 = 2. Let i(y) = y**2 + 5*y - 3. Let z be i(-6). Suppose u = z*b - 26. Is b a multiple of 18?
True
Let p(k) = k**2 + 12. Let u be p(0). Suppose -a = a + 2*x - u, -4*a = 5*x - 27. Suppose a = 2*r - 3. Is r a multiple of 3?
True
Let n(y) = y**3 + 6*y**2 + 5*y + 5. Let j be n(-5). Suppose -h - 3*w = 3*h + 28, -j*w + 14 = -2*h. Let p = 13 + h. Does 2 divide p?
True
Let h = -34 + -21. Let p = -22 - h. Does 9 divide p?
False
Let i = -51 + 75. Let j(u) = u**3 + i - 2*u**2 + u + 3 + u**2. Does 9 divide j(0)?
True
Suppose -4*a = -2*a - 190. Is a a multiple of 66?
False
Let j = 54 + 11. Let k = 11 + 34. Let x = j - k. Is x a multiple of 11?
False
Suppose 0 = -2*b + 19 - 3. Is 4 a factor of b?
True
Let l be (2 - 2 - -1) + -51. Let g be ((-90)/(-25))/(-9) - 48/5. Let f = g - l. Is f a multiple of 20?
True
Let u(t) = -72*t - 1. Is 21 a factor of u(-1)?
False
Let j(i) = i**3 + 3*i**2 - 4*i - 4. Let h be j(-4). Let t = 8 + h. Does 3 divide t?
False
Let g(h) = 7*h - 2. Let z be g(-4). Let a be (2 + -1)*(z + 5). Does 17 divide (-3)/(-3)*(-2 - a)?
False
Suppose 2*q = 5*q - 192. Is 16 a factor of q?
True
Let m(a) = -a**3 + 4*a**2 + 6*a - 1. Let h be (2/1)/((-2)/(-5)). Is m(h) a multiple of 4?
True
Suppose -2*o + v + 53 = 0, -4*v = -6 + 2. Does 8 divide o?
False
Suppose -2*u = 2*u. Suppose u*j - 28 = -5*j - 4*d, -2*d - 22 = -2*j. Suppose 32 + j = 2*m. Is 10 a factor of m?
True
Suppose 0*l - 90 = -l. Is 28 a factor of l?
False
Does 4 divide (-6)/(-2) + 2*13 + -4?
False
Let q = -44 - -70. Is 5 a factor of q?
False
Let f(u) = -u**3 - 12*u**2 + 6*u. Does 13 divide f(-13)?
True
Let v(d) = -37*d - 24. Is 11 a factor of v(-6)?
True
Suppose -161 = -4*u - 2*l - 53, -3*l - 124 = -5*u. Does 13 divide u?
True
Let p be 10 - 13 - (-1 - 7). Let c = p + 31. Does 12 divide c?
True
Let y be (-4)/(-10) - (-18)/5. Suppose -2 + 23 = 3*m. Let t = m + y. Does 10 divide t?
False
Let u(q) = -q**2 + 5*q + 4. Let g be u(7). Let b(k) = -k**3 - 10*k**2 - 2. Let d be b(g). Is d/4*(-8)/2 a multiple of 2?
True
Suppose 3*i + 5 = l, 0 = -2*l + l + i + 1. Let b(t) = -4*t + 5. Let c(n) = 1. Let h(s) = l*b(s) + 2*c(s). Is h(3) a multiple of 9?
True
Let c(x) = 2*x - 2. Let k be c(2). Let w be ((-4)/(-10))/(k/90). Is w/(-4)*2/(-3) a multiple of 3?
True
Let j(x) be the second derivative of -x**5/20 + x**4/2 + x**2 - 2*x. Let b be j(3). Let k = b - 19. Is 10 a factor of k?
True
Let a(b) = -b**2 - 11*b + 23. Is 6 a factor of a(-12)?
False
Suppose -5*y + 56 = 2*y. Is 8 a factor of y?
True
Let y be 1 - 2 - (-2 + 1). Suppose -5*t + b = -7, y*b + 2*b = 2*t + 2. Suppose r = -2*r + 4*v + 158, -t = v. Is r a multiple of 17?
False
Let o(j) = -5*j**2 + 6*j + 1. Let t(x) = -14*x**2 + 17*x + 3. Let q(c) = 11*o(c) - 4*t(c). Let i be q(-1). Suppose -8 = -v + i. Does 10 divide v?
True
Let p be 1/(-4) - 327/(-12). Suppose -2*b + 1 + p = 0. Does 3 divide b?
False
Let p be (-189)/4 + (-2)/(-8). Suppose 5*z - 492 = -2*m, z - 5*m - 25 - 68 = 0. Let y = p + z. Is y a multiple of 21?
False
Let k(h) = h**3 - 6*h**2 - 9*h - 5. Let o(x) = -3*x - 2. Let s be o(-3). Let w be k(s). Let j = 55 + w. Is 12 a factor of j?
True
Let f(k) be the first derivative of -83*k**4/4 + k**3/3 - k**2/2 - k + 2. Let v be f(-1). Suppose 0 = 2*q + q - v. Is q a multiple of 14?
True
Suppose -4*b + 114 = -2*b. Is b a multiple of 27?
False
Suppose 0 = 3*g + 11 + 79. Let n = -20 - g. Does 5 divide n?
True
Let w(n) = n**3 - n**2 - 1. Let b(m) = -5*m**3 + 3*m**2 - 2*m + 10. Let g(h) = b(h) + 6*w(h). Let p be g(3). Is 14 a factor of (-80)/(-6) + p/(-3)?
True
Let n(d) = 9*d - 1. Let z be 5 + -1 - (6 - 3). Let u be n(z). Suppose -5*p = -20, 36 - u = 2*s - 2*p. Does 6 divide s?
True
Suppose 2*m - 4 = 2. Let o be 1/((-20)/22 + 1). Let g = m + o. Does 14 divide g?
True
Let t = -7 - -11. Suppose 4*d = -t*i - 4, 0 = -3*d + 3*i - 0 + 3. Suppose d = 3*w - 5*q - 16, 3*q = -0*w + w. Is w a multiple of 11?
False
Is (-5)/((-15)/6) + (0 - -75) a multiple of 9?
False
Suppose 4*r = 8 + 12. Is 8 a factor of (36/10 + -2)*r?
True
Let k(g) = 2*g**2 - 3*g + 13. Let b be k(11). Suppose 0*s = -3*s + b. Does 20 divide s?
False
Let d(w) = 4*w**2 + 5*w. Does 22 divide d(-4)?
True
Suppose u - 6*u + 350 = 0. Let h = -44 + u. Is h a multiple of 10?
False
Suppose 6*g = 3*g - 9. Let k(c) = -3*c**3 - c. Let z(h) = -7*h**3 - 3*h - 1. Let w(j) = 5*k(j) - 2*z(j). Is 13 a factor of w(g)?
True
Suppose -6 = 2*b + a + 2, 5*a = -4*b - 10. Let d be (-2)/((-2)/(-1)) - 0. Let c = d - b. Is 4 a factor of c?
True
Let x = -81 + 207. Does 21 divide x?
True
Let h be (3 - 1)*(-9)/(-6). Suppose -51 = -3*p + h*w, w + 2*w = 3. Does 19 divide (-4)/p - 688/(-18)?
True
Let b be 28/8 - (-2)/(-4). Let c(u) = -u**3 + 5*u**2 - u - 3. Is c(b) a multiple of 6?
True
Suppose -2*g - 2*g = 3*b - 85, -2*b + 86 = 4*g. Suppose -4*t = 12 + 8, -4*s + 2*t + g = 0. Suppose y = s*k - y - 125, 5 = y. Is k a multiple of 24?
False
Suppose 0 = -4*w - 97 + 309. Suppose 3*n = t - w, 0*t - 2*t + 3*n + 112 = 0. Does 24 divide t?
False
Does 12 divide (-16)/(8 + -4) - -86?
False
Let b(m) = 15*m - 7. Let w be b(6). Suppose x - 2*o + 91 = 0, -x - 6*o - w = -4*o. Does 24 divide 5/((-45)/6)*x?
False
Let i = -29 + 15. Let k = 3 - i. Is k a multiple of 15?
False
Suppose 27 + 2 = y. Is 3 a factor of y?
False
Suppose 2*t = -2*g + 46, 0 = -g + 5*t - 0*t + 23. Is g a multiple of 14?
False
Let d be -1 + 5/(5/(-38)). Let x = d + 61. Is 11 a factor of x?
True
Let v = 254 + -124. Is v a multiple of 26?
True
Suppose 159 = 5*s + 3*k - 96, 4*s + k - 211 = 0. Is s a multiple of 18?
True
Let v(f) = -f**3 + 7*f**2 - 6*f - 4. Is v(5) a multiple of 4?
True
Let w(v) = v - 6. Let q = 37 - 26. Let h be w(q). Suppose -5*k + c = -4*c - 75, -3*k + 53 = h*c. Is k a multiple of 6?
False
Let g(d) = 2*d**2 - 7*d - 9. Let x be g(8). Suppose n - x = -4*h, 4*h - 79 = -5*n - 20. Does 9 divide h?
False
Suppose 12*b = 7*b + 90. Does 9 divide b?
True
Let l(y) = y**3 + 5*y - 6. Let t be l(4). Let v(u) = -14*u - 9. Let m be v(-4). Let c = t - m. Does 15 divide c?
False
Suppose 24*q = 20*q + 160. Is q a multiple of 3?
False
Suppose 0 = -3*k + 3*w + 2 + 7, 0 = -5*w + 10. Suppose -4*s = -k*x + 206, -5*x - s - 92 + 278 = 0. Does 10 divide x?
False
Let q(u) = 5*u**2 + u. Let z be q(1). Let h(l) = 10*l - 6. Is 18 a factor of h(z)?
True
Suppose 4*s - 373 = -69. Is s a multiple of 18?
False
Let y(s) = -5*s + 5*s + s**2 - 9 - 2*s + 3. Is 7 a factor of y(6)?
False
Let m = 50 - -5. Is 11 a factor of m?
True
Suppose 2*k - 5*j = -6*j + 53, -4*k + 81 = -3*j. Suppose 4*r - r = k. Is r a multiple of 4?
True
Let j(t) be the first derivative of t**3/3 + 3*t**2 + 10*t - 3. Let g be j(-7). Let k = g + -7. Does 3 divide k?
False
Suppose 0 = 3*r - 7*r. Suppose r = c - 4*c + 93. Is 24 a factor of c?
False
Let m(c) = 11*c**2 + 2*c + 10. Let a(z) = -7*z**2 - z - 7. Let j(v) = 7*a(v) + 5*m(v). Does 11 divide j(-2)?
False
Suppose -h + 123 = 20. Let w = h - 33. Is w a multiple of 14?
True
Suppose -2*t = -0*t + 12. Let k be (10/t)/((-3)/54). Is (-1)/(k/(-14) - -2) a multiple of 5?
False
Let h = -82 + 122. Is 5 a factor of h?
True
Let s(z) be the third deri